{"id":15451,"date":"2026-01-28T21:31:00","date_gmt":"2026-01-28T21:31:00","guid":{"rendered":"https:\/\/talec.com.br\/?product=windows-server-2025"},"modified":"2026-01-28T21:33:29","modified_gmt":"2026-01-28T21:33:29","slug":"windows-server-2025","status":"publish","type":"product","link":"https:\/\/talec.com.br\/?product=windows-server-2025","title":{"rendered":"Windows Server 2025"},"content":{"rendered":"<p>Microsoft Windows Server 2025 oferece uma solu\u00e7\u00e3o completa para modernizar seu data center ou plataforma de nuvem, desbloqueando recursos de nuvem h\u00edbrida que maximizam seus investimentos em tecnologia.<\/p>\n","protected":false},"excerpt":{"rendered":"<p>Microsoft Windows Server 2025 oferece uma solu\u00e7\u00e3o completa para modernizar seu data center ou plataforma de nuvem, desbloqueando recursos de nuvem h\u00edbrida que maximizam seus investimentos em tecnologia.<\/p>\n","protected":false},"featured_media":15452,"comment_status":"open","ping_status":"closed","template":"","meta":[],"product_cat":[173,174],"product_tag":[],"class_list":{"0":"post-15451","1":"product","2":"type-product","3":"status-publish","4":"has-post-thumbnail","6":"product_cat-informatica","7":"product_cat-software","9":"first","10":"instock","11":"downloadable","12":"virtual","13":"taxable","14":"purchasable","15":"product-type-simple","16":"col-xs-6 col-sm-4","17":"col-md-3 col-lg-3","18":"un-4-cols"},"jetpack_sharing_enabled":true,"_links":{"self":[{"href":"https:\/\/talec.com.br\/index.php?rest_route=\/wp\/v2\/product\/15451","targetHints":{"allow":["GET"]}}],"collection":[{"href":"https:\/\/talec.com.br\/index.php?rest_route=\/wp\/v2\/product"}],"about":[{"href":"https:\/\/talec.com.br\/index.php?rest_route=\/wp\/v2\/types\/product"}],"replies":[{"embeddable":true,"href":"https:\/\/talec.com.br\/index.php?rest_route=%2Fwp%2Fv2%2Fcomments&post=15451"}],"wp:featuredmedia":[{"embeddable":true,"href":"https:\/\/talec.com.br\/index.php?rest_route=\/wp\/v2\/media\/15452"}],"wp:attachment":[{"href":"https:\/\/talec.com.br\/index.php?rest_route=%2Fwp%2Fv2%2Fmedia&parent=15451"}],"wp:term":[{"taxonomy":"product_cat","embeddable":true,"href":"https:\/\/talec.com.br\/index.php?rest_route=%2Fwp%2Fv2%2Fproduct_cat&post=15451"},{"taxonomy":"product_tag","embeddable":true,"href":"https:\/\/talec.com.br\/index.php?rest_route=%2Fwp%2Fv2%2Fproduct_tag&post=15451"}],"curies":[{"name":"wp","href":"https:\/\/api.w.org\/{rel}","templated":true}]}}