{"id":15399,"date":"2026-01-28T04:36:55","date_gmt":"2026-01-28T04:36:55","guid":{"rendered":"https:\/\/talec.com.br\/?post_type=product&#038;p=15399"},"modified":"2026-01-28T14:00:46","modified_gmt":"2026-01-28T14:00:46","slug":"poco-x7-256-8gb-5g-dimensity-7300-ultra-mediatek","status":"publish","type":"product","link":"https:\/\/talec.com.br\/?product=poco-x7-256-8gb-5g-dimensity-7300-ultra-mediatek","title":{"rendered":"Poco X7 256\/8GB 5G Dimensity 7300 Ultra MediaTeK"},"content":{"rendered":"<div class=\" lazy\" role=\"\" data-type=\"bg\" data-id=\"6abce8a05a\" data-background-image=\"\" data-loaded=\"true\">\n<div class=\" lazy\" role=\"\" data-type=\"bg\" data-id=\"316f4ace7f\" data-background-image=\"\" data-loaded=\"true\"><strong><span class=\"xm-text f-bold \" data-key=\"spec_6\" data-type=\"text\" data-id=\"9e29af26f5\">Processador<\/span><\/strong><\/div>\n<div class=\" lazy\" role=\"\" data-type=\"bg\" data-id=\"ce6ecadc85\" data-background-image=\"\" data-loaded=\"true\"><span class=\"xm-text f-bold \" data-key=\"spec_7\" data-type=\"text\" data-id=\"effc52d893\">Dimensity 7300-Ultra<\/span><span class=\"xm-text f-light \" data-key=\"spec_8\" data-type=\"text\" data-id=\"0e3223a7ee\">Processo de fabrica\u00e7\u00e3o de 4\u00a0nm<\/span><span class=\"xm-text f-light \" data-key=\"spec_9\" data-type=\"text\" data-id=\"308b50a033\">CPU: CPU de oito n\u00facleos de at\u00e9 2,5\u00a0GHz<\/span><span class=\"xm-text f-light \" data-key=\"spec_10\" data-type=\"text\" data-id=\"a5c9ae0379\">GPU: Mali-G615 MC2<\/span><\/div>\n<\/div>\n<div class=\" lazy\" role=\"\" data-type=\"bg\" data-id=\"0086e71077\" data-background-image=\"\" data-loaded=\"true\">\n<div class=\" lazy\" role=\"\" data-type=\"bg\" data-id=\"e68d8a9156\" data-background-image=\"\" data-loaded=\"true\"><strong><span class=\"xm-text f-bold \" data-key=\"spec_11\" data-type=\"text\" data-id=\"f7fc43ccc4\">Armazenamento e RAM<\/span><\/strong><\/div>\n<div class=\" lazy\" role=\"\" data-type=\"bg\" data-id=\"67673de381\" data-background-image=\"\" data-loaded=\"true\"><span class=\"xm-text f-bold \" data-key=\"spec_12\" data-type=\"text\" data-id=\"b68901f5aa\">8GB\/256 GB, <\/span><span class=\"xm-text f-light \" data-key=\"spec_14\" data-type=\"text\" data-id=\"bed668186a\">\u00a0mem\u00f3ria RAM e o armazenamento dispon\u00edveis s\u00e3o menores que a mem\u00f3ria total devido ao armazenamento do sistema operacional e do software pr\u00e9-instalados no dispositivo.<\/span><\/div>\n<\/div>\n<div class=\" lazy\" role=\"\" data-type=\"bg\" data-id=\"00774ab1bf\" data-background-image=\"\" data-loaded=\"true\">\n<div class=\" lazy\" role=\"\" data-type=\"bg\" data-id=\"156a75e211\" data-background-image=\"\" data-loaded=\"true\"><strong><span class=\"xm-text f-bold \" data-key=\"spec_15\" data-type=\"text\" data-id=\"2c9aae6b4f\">Dimens\u00f5es<\/span><\/strong><\/div>\n<div class=\" lazy\" role=\"\" data-type=\"bg\" data-id=\"fe1d48cd25\" data-background-image=\"\" data-loaded=\"true\"><span class=\"xm-text f-light \" data-key=\"spec_16\" data-type=\"text\" data-id=\"e30aa33e0b\">Altura: 162,33\u00a0mm<\/span><span class=\"xm-text f-light \" data-key=\"spec_17\" data-type=\"text\" data-id=\"4324f2c478\">Largura: 74,42\u00a0mm<\/span><span class=\"xm-text f-light \" data-key=\"spec_18\" data-type=\"text\" data-id=\"c9750e593e\">Espessura: 8,4\u00a0mm\/8,63\u00a0mm (PU)<\/span><span class=\"xm-text f-light \" data-key=\"spec_19\" data-type=\"text\" data-id=\"fdc5d72901\">Peso: 185,5\u00a0g (pl\u00e1stico)\/190\u00a0g\uff08PU\uff09<\/span><\/div>\n<\/div>\n<div class=\" lazy\" role=\"\" data-type=\"bg\" data-id=\"e110346445\" data-background-image=\"\" data-loaded=\"true\">\n<div class=\" lazy\" role=\"\" data-type=\"bg\" data-id=\"57c16d6876\" data-background-image=\"\" data-loaded=\"true\"><strong><span class=\"xm-text f-bold \" data-key=\"spec_20\" data-type=\"text\" data-id=\"6f5def4306\">Tela<\/span><\/strong><\/div>\n<div class=\" lazy\" role=\"\" data-type=\"bg\" data-id=\"d57aabc0eb\" data-background-image=\"\" data-loaded=\"true\"><span class=\"xm-text f-bold \" data-key=\"spec_21\" data-type=\"text\" data-id=\"0514b52b52\">Tela AMOLED CrystalRes de 6,67&#8243;<\/span><span class=\"xm-text f-light \" data-key=\"spec_22\" data-type=\"text\" data-id=\"6325f86c00\">Resolu\u00e7\u00e3o: 2712 x 1220 (resolu\u00e7\u00e3o de 1,5K)<\/span><span class=\"xm-text f-light \" data-key=\"spec_23\" data-type=\"text\" data-id=\"09007bdcc5\">Taxa de atualiza\u00e7\u00e3o: At\u00e9 120\u00a0Hz<\/span><span class=\"xm-text f-light \" data-key=\"spec_24\" data-type=\"text\" data-id=\"f031d76f85\">Taxa de amostragem de toque: At\u00e9 480\u00a0Hz; taxa de amostragem de toque instant\u00e2neo de 2560\u00a0Hz<\/span><span class=\"xm-text f-light \" data-key=\"spec_25\" data-type=\"text\" data-id=\"02324a2365\">Brilho: 500\u00a0nits (t\u00edp), 1200\u00a0nits (brilho HBM), 3000\u00a0nits (pico de brilho)<\/span><span class=\"xm-text f-light \" data-key=\"spec_26\" data-type=\"text\" data-id=\"39feed82bf\">Profundidade de cor: 12\u00a0bits<\/span><span class=\"xm-text f-light \" data-key=\"spec_27\" data-type=\"text\" data-id=\"2a3608863c\">Taxa de contraste: 5.000.000:1<\/span><span class=\"xm-text f-light \" data-key=\"spec_28\" data-type=\"text\" data-id=\"b6da8172dd\">Ampla gama de cores DCI-P3<\/span><span class=\"xm-text f-light \" data-key=\"spec_29\" data-type=\"text\" data-id=\"708e396db9\">Corning\u00ae Gorilla\u00ae Glass Victus\u00ae 2<\/span><span class=\"xm-text f-light \" data-key=\"spec_30\" data-type=\"text\" data-id=\"5635aaa2c6\">Compat\u00edvel com Dolby Vision\u00ae<\/span><span class=\"xm-text f-light \" data-key=\"spec_31\" data-type=\"text\" data-id=\"e3d1f8e5a8\">Modo de leitura<\/span><span class=\"xm-text f-light \" data-key=\"spec_32\" data-type=\"text\" data-id=\"73d9638e86\">Escurecimento PWM de 1920\u00a0Hz<\/span><span class=\"xm-text f-light \" data-key=\"spec_33\" data-type=\"text\" data-id=\"1881d03966\">20.000 n\u00edveis de ajuste de brilho<\/span><span class=\"xm-text f-light \" data-key=\"spec_34\" data-type=\"text\" data-id=\"2db70bbea1\">HDR10+<\/span><span class=\"xm-text f-light \" data-key=\"spec_35\" data-type=\"text\" data-id=\"9264c0a7d3\">Certifica\u00e7\u00e3o da T\u00dcV Rheinland de baixa emiss\u00e3o de luz azul (solu\u00e7\u00e3o de hardware)<\/span><span class=\"xm-text f-light \" data-key=\"spec_36\" data-type=\"text\" data-id=\"7d5a8d323b\">Certifica\u00e7\u00e3o da T\u00dcV Rheinland de amig\u00e1vel ao ciclo circadiano<\/span><span class=\"xm-text f-light \" data-key=\"spec_37\" data-type=\"text\" data-id=\"01c6df1aaa\">Certifica\u00e7\u00e3o da T\u00dcV Rheinland de livre de cintila\u00e7\u00e3o<\/span><\/div>\n<\/div>\n<div class=\" lazy\" role=\"\" data-type=\"bg\" data-id=\"80f1a953a7\" data-background-image=\"\" data-loaded=\"true\">\n<div class=\" lazy\" role=\"\" data-type=\"bg\" data-id=\"0110b51f77\" data-background-image=\"\" data-loaded=\"true\"><strong><span class=\"xm-text f-bold \" data-key=\"spec_38\" data-type=\"text\" data-id=\"b3f79bf061\">C\u00e2mera traseira<\/span><\/strong><\/div>\n<div class=\" lazy\" role=\"\" data-type=\"bg\" data-id=\"37e8926b1c\" data-background-image=\"\" data-loaded=\"true\"><span class=\"xm-text f-bold \" data-key=\"spec_39\" data-type=\"text\" data-id=\"51ccb30522\">C\u00e2mera principal de 50\u00a0MP com OIS<\/span><span class=\"xm-text f-light \" data-key=\"spec_40\" data-type=\"text\" data-id=\"96f778c43e\">OIS<\/span><span class=\"xm-text f-light \" data-key=\"spec_41\" data-type=\"text\" data-id=\"d1325a7b59\">f\/1,5<\/span><span class=\"xm-text f-light \" data-key=\"spec_42\" data-type=\"text\" data-id=\"d4924a8b75\">Compartimenta\u00e7\u00e3o 4 em 1 para um super pixel de 1,6\u00a0\u03bcm<\/span><span class=\"xm-text f-bold \" data-key=\"spec_45\" data-type=\"text\" data-id=\"9a449c2c33\">C\u00e2mera ultra-angular de 8\u00a0MP<\/span><span class=\"xm-text f-light \" data-key=\"spec_46\" data-type=\"text\" data-id=\"b4a9e3a4d6\">f\/2,2<\/span><span class=\"xm-text f-light \" data-key=\"spec_47\" data-type=\"text\" data-id=\"7576089afc\">C\u00e2mera macro de 2\u00a0MP<\/span><span class=\"xm-text f-light \" data-key=\"spec_48\" data-type=\"text\" data-id=\"5f380ae939\">f\/2,4<\/span><span class=\"xm-text f-bold \" data-key=\"spec_49\" data-type=\"text\" data-id=\"1276c2726f\">Capturas din\u00e2micas<\/span><span class=\"xm-text f-light \" data-key=\"spec_50\" data-type=\"text\" data-id=\"4053a83b48\">Foco do rastreamento de movimentos<\/span><span class=\"xm-text f-light \" data-key=\"spec_51\" data-type=\"text\" data-id=\"461ab25663\">Disparo rel\u00e2mpago<\/span><span class=\"xm-text f-light \" data-key=\"spec_52\" data-type=\"text\" data-id=\"e77f9cdb8b\">filmFrame<\/span><span class=\"xm-text f-light \" data-key=\"spec_53\" data-type=\"text\" data-id=\"bcd9127569\">Retratos<\/span><span class=\"xm-text f-light \" data-key=\"spec_54\" data-type=\"text\" data-id=\"22b63e248b\">Documento<\/span><span class=\"xm-text f-light \" data-key=\"spec_55\" data-type=\"text\" data-id=\"a0bf0bcaf0\">Modo noturno<\/span><span class=\"xm-text f-light \" data-key=\"spec_56\" data-type=\"text\" data-id=\"83bc36e21f\">V\u00eddeo duplo<\/span><span class=\"xm-text f-light \" data-key=\"spec_57\" data-type=\"text\" data-id=\"59ad314c22\">V\u00eddeo est\u00e1vel<\/span><span class=\"xm-text f-bold \" data-key=\"spec_58\" data-type=\"text\" data-id=\"c3a91ceb29\">Grava\u00e7\u00e3o de v\u00eddeo com a c\u00e2mera traseira<\/span><span class=\"xm-text f-light \" data-key=\"spec_59\" data-type=\"text\" data-id=\"aefc3bec77\">4K a 24\/30\u00a0fps<\/span><span class=\"xm-text f-light \" data-key=\"spec_60\" data-type=\"text\" data-id=\"46e2134365\">1080p a 30\/60\u00a0fps<\/span><span class=\"xm-text f-light \" data-key=\"spec_61\" data-type=\"text\" data-id=\"28604e75b9\">720p a 30\u00a0fps<\/span><span class=\"xm-text f-light \" data-key=\"spec_62\" data-type=\"text\" data-id=\"6f44492e1b\">C\u00e2mera lenta: 1080p a 120\u00a0fps<\/span><span class=\"xm-text f-light \" data-key=\"spec_63\" data-type=\"text\" data-id=\"453a46be93\">C\u00e2mera lenta: 720p a 120\/240\u00a0fps<\/span><\/div>\n<\/div>\n<div class=\" lazy\" role=\"\" data-type=\"bg\" data-id=\"34c5c943c8\" data-background-image=\"\" data-loaded=\"true\">\n<div class=\" lazy\" role=\"\" data-type=\"bg\" data-id=\"bce4a8eb23\" data-background-image=\"\" data-loaded=\"true\"><strong><span class=\"xm-text f-bold \" data-key=\"spec_64\" data-type=\"text\" data-id=\"1c7cc5c2b2\">C\u00e2mera frontal<\/span><\/strong><\/div>\n<div class=\" lazy\" role=\"\" data-type=\"bg\" data-id=\"f5e51bfbf0\" data-background-image=\"\" data-loaded=\"true\"><span class=\"xm-text f-bold \" data-key=\"spec_65\" data-type=\"text\" data-id=\"c606b1be51\">C\u00e2mera frontal de 20\u00a0MP<\/span><span class=\"xm-text f-light \" data-key=\"spec_66\" data-type=\"text\" data-id=\"9d3ed9eaf2\">f\/2,2<\/span><span class=\"xm-text f-light \" data-key=\"spec_67\" data-type=\"text\" data-id=\"f748010c82\">Anel de luz suave<\/span><span class=\"xm-text f-light \" data-key=\"spec_68\" data-type=\"text\" data-id=\"155a24cc89\">Embelezador com AI<\/span><span class=\"xm-text f-light \" data-key=\"spec_69\" data-type=\"text\" data-id=\"b6e36c5176\">Modo noturno<\/span><span class=\"xm-text f-light \" data-key=\"spec_70\" data-type=\"text\" data-id=\"72bf290c92\">Modo retrato<\/span><span class=\"xm-text f-light \" data-key=\"spec_71\" data-type=\"text\" data-id=\"bb4fc84991\">Obturador por gesto<\/span><span class=\"xm-text f-light \" data-key=\"spec_72\" data-type=\"text\" data-id=\"b86ab0259f\">Temporizador de selfie<\/span><span class=\"xm-text f-bold \" data-key=\"spec_73\" data-type=\"text\" data-id=\"e51822e2fa\">Grava\u00e7\u00e3o de v\u00eddeo com a c\u00e2mera frontal<\/span><span class=\"xm-text f-light \" data-key=\"spec_74\" data-type=\"text\" data-id=\"9a4c957f3d\">1080p a 30\/60\u00a0fps<\/span><span class=\"xm-text f-light \" data-key=\"spec_75\" data-type=\"text\" data-id=\"20b40cde2a\">720p a 30\u00a0fps<\/span><\/div>\n<\/div>\n<div class=\" lazy\" role=\"\" data-type=\"bg\" data-id=\"42970c858c\" data-background-image=\"\" data-loaded=\"true\">\n<div class=\" lazy\" role=\"\" data-type=\"bg\" data-id=\"60045c2eea\" data-background-image=\"\" data-loaded=\"true\"><strong><span class=\"xm-text f-bold \" data-key=\"spec_76\" data-type=\"text\" data-id=\"ac56a0461d\">Bateria e carregamento<\/span><\/strong><\/div>\n<div class=\" lazy\" role=\"\" data-type=\"bg\" data-id=\"bbfdbe2119\" data-background-image=\"\" data-loaded=\"true\"><span class=\"xm-text f-light \" data-key=\"spec_77\" data-type=\"text\" data-id=\"4535c816f1\">5110mAh (t\u00edp.)<\/span><span class=\"xm-text f-light \" data-key=\"spec_78\" data-type=\"text\" data-id=\"e2705627e0\">Carregamento turbo de 45\u00a0W<\/span><span class=\"xm-text f-light \" data-key=\"spec_79\" data-type=\"text\" data-id=\"92f3d2ac6a\">Carregador de 45\u00a0W incluso na caixa<\/span><\/div>\n<\/div>\n<div class=\" lazy\" role=\"\" data-type=\"bg\" data-id=\"1423d07b77\" data-background-image=\"\" data-loaded=\"true\">\n<div class=\" lazy\" role=\"\" data-type=\"bg\" data-id=\"fc2e88518d\" data-background-image=\"\" data-loaded=\"true\"><strong><span class=\"xm-text f-bold \" data-key=\"spec_81\" data-type=\"text\" data-id=\"298040b84b\">Seguran\u00e7a<\/span><\/strong><\/div>\n<div class=\" lazy\" role=\"\" data-type=\"bg\" data-id=\"d535768a69\" data-background-image=\"\" data-loaded=\"true\"><span class=\"xm-text f-light \" data-key=\"spec_82\" data-type=\"text\" data-id=\"0dc0744ecd\">Sensor de impress\u00e3o digital na tela<\/span><span class=\"xm-text f-light \" data-key=\"spec_83\" data-type=\"text\" data-id=\"5cc41b74bf\">Desbloqueio por reconhecimento facial com AI<\/span><\/div>\n<\/div>\n<div class=\" lazy\" role=\"\" data-type=\"bg\" data-id=\"a64ebbd73e\" data-background-image=\"\" data-loaded=\"true\">\n<div class=\" lazy\" role=\"\" data-type=\"bg\" data-id=\"75961cb97a\" data-background-image=\"\" data-loaded=\"true\"><strong><span class=\"xm-text f-bold \" data-key=\"spec_84\" data-type=\"text\" data-id=\"247d296f78\">NFC<\/span><\/strong><\/div>\n<div class=\" lazy\" role=\"\" data-type=\"bg\" data-id=\"c6764d41a8\" data-background-image=\"\" data-loaded=\"true\"><span class=\"xm-text f-light \" data-key=\"spec_85\" data-type=\"text\" data-id=\"84fcdc2107\">Sim<\/span><span class=\"xm-text f-light \" data-key=\"spec_86\" data-type=\"text\" data-id=\"8afe8bdb89\">*As fun\u00e7\u00f5es podem variar em alguns mercados.<\/span><\/div>\n<\/div>\n<div class=\" lazy\" role=\"\" data-type=\"bg\" data-id=\"f6a9b9d931\" data-background-image=\"\" data-loaded=\"true\">\n<div class=\" lazy\" role=\"\" data-type=\"bg\" data-id=\"712b1625c9\" data-background-image=\"\" data-loaded=\"true\"><strong><span class=\"xm-text f-bold \" data-key=\"spec_87\" data-type=\"text\" data-id=\"6255c85d35\">Rede e conectividade<\/span><\/strong><\/div>\n<div class=\" lazy\" role=\"\" data-type=\"bg\" data-id=\"32e0661cd2\" data-background-image=\"\" data-loaded=\"true\"><span class=\"xm-text f-bold \" data-key=\"spec_88\" data-type=\"text\" data-id=\"2954302ee3\">Dual SIM, dual standby\uff085G+5G\uff0c5G+4G\uff09<\/span><span class=\"xm-text f-bold \" data-key=\"spec_89\" data-type=\"text\" data-id=\"5cccab397f\">bandas de rede:<\/span><span class=\"xm-text f-light \" data-key=\"spec_90\" data-type=\"text\" data-id=\"b810836d24\">5G Sub6G: n1\/2\/3\/5\/7\/8\/20\/28\/38\/40\/41\/66\/77\/78<\/span><span class=\"xm-text f-light \" data-key=\"spec_91\" data-type=\"text\" data-id=\"b62590619a\">4G: TDD: B38\/40\/41\/42\/48<\/span><span class=\"xm-text f-light \" data-key=\"spec_92\" data-type=\"text\" data-id=\"424ab4ce8c\">4G: FDD: B1\/2\/3\/4\/5\/7\/8\/18\/19\/20\/28\/66<\/span><span class=\"xm-text f-light \" data-key=\"spec_93\" data-type=\"text\" data-id=\"6f27282c5c\">3G: WCDMA: B1\/2\/4\/5\/6\/8\/19<\/span><span class=\"xm-text f-light \" data-key=\"spec_94\" data-type=\"text\" data-id=\"968a8a9a26\">2G: GSM: 2\/3\/5\/8<\/span><span class=\"xm-text f-bold \" data-key=\"spec_97\" data-type=\"text\" data-id=\"db643f7edb\">Redes sem fio<\/span><span class=\"xm-text f-light \" data-key=\"spec_98\" data-type=\"text\" data-id=\"7caa701a0e\">Bluetooth 5.4<\/span><span class=\"xm-text f-light \" data-key=\"spec_99\" data-type=\"text\" data-id=\"4d9054e4e3\">Wi-Fi: Wi-Fi 6\/Wi-Fi 5\/Wi-Fi 4\/802.11a\/b\/g Compat\u00edvel com Wi-Fi de 2,4\u00a0GHz | Wi-Fi de 5\u00a0GHz Compat\u00edvel com 1&#215;1, Wi-Fi Direct<\/span><\/div>\n<\/div>\n<div class=\" lazy\" role=\"\" data-type=\"bg\" data-id=\"a69111caa4\" data-background-image=\"\" data-loaded=\"true\">\n<div class=\" lazy\" role=\"\" data-type=\"bg\" data-id=\"61f7976592\" data-background-image=\"\" data-loaded=\"true\"><strong><span class=\"xm-text f-bold \" data-key=\"spec_100\" data-type=\"text\" data-id=\"59105a3ff2\">Navega\u00e7\u00e3o<\/span><\/strong><\/div>\n<div class=\" lazy\" role=\"\" data-type=\"bg\" data-id=\"2ad432d50e\" data-background-image=\"\" data-loaded=\"true\"><span class=\"xm-text f-light \" data-key=\"spec_101\" data-type=\"text\" data-id=\"84e271ece7\">BeiDou:B1I\uff5cGPS:L1\uff5cGalileo:E1 GLONASS:G1\uff5cQZSS:L1 | Posicionamento suplementar A-GPS Rede sem fio | Rede de dados | Posicionamento assistido por sensor<\/span><\/div>\n<\/div>\n<div class=\" lazy\" role=\"\" data-type=\"bg\" data-id=\"d1e09d21c0\" data-background-image=\"\" data-loaded=\"true\">\n<div class=\" lazy\" role=\"\" data-type=\"bg\" data-id=\"006fa70114\" data-background-image=\"\" data-loaded=\"true\"><strong><span class=\"xm-text f-bold \" data-key=\"spec_102\" data-type=\"text\" data-id=\"b523a5c64e\">\u00c1udio<\/span><\/strong><\/div>\n<div class=\" lazy\" role=\"\" data-type=\"bg\" data-id=\"dbf2bf6290\" data-background-image=\"\" data-loaded=\"true\"><span class=\"xm-text f-light \" data-key=\"spec_103\" data-type=\"text\" data-id=\"544669ec9d\">Alto-falantes duplos<\/span><span class=\"xm-text f-light \" data-key=\"spec_104\" data-type=\"text\" data-id=\"7770bb9e0c\">Dolby Atmos\u00ae<\/span><\/div>\n<\/div>\n<div class=\" lazy\" role=\"\" data-type=\"bg\" data-id=\"f8bae747e4\" data-background-image=\"\" data-loaded=\"true\">\n<div class=\" lazy\" role=\"\" data-type=\"bg\" data-id=\"ff73da9ad0\" data-background-image=\"\" data-loaded=\"true\"><strong><span class=\"xm-text f-bold \" data-key=\"spec_105\" data-type=\"text\" data-id=\"d46a0ff609\">Sensor<\/span><\/strong><\/div>\n<div class=\" lazy\" role=\"\" data-type=\"bg\" data-id=\"f4f15e66c4\" data-background-image=\"\" data-loaded=\"true\"><span class=\"xm-text f-light \" data-key=\"spec_106\" data-type=\"text\" data-id=\"652dd4ea20\">Sensor de proximidade | Sensor de luz ambiente | Aceler\u00f4metro | B\u00fassola eletr\u00f4nica | IR Blaster | Girosc\u00f3pio | Motor linear de eixo X<\/span><\/div>\n<\/div>\n<div class=\" lazy\" role=\"\" data-type=\"bg\" data-id=\"e21cb48178\" data-background-image=\"\" data-loaded=\"true\">\n<div class=\" lazy\" role=\"\" data-type=\"bg\" data-id=\"88ee8a627b\" data-background-image=\"\" data-loaded=\"true\"><span class=\"xm-text f-bold \" data-key=\"spec_107\" data-type=\"text\" data-id=\"70487cbde7\">Resist\u00eancia \u00e0 \u00e1gua e poeira<\/span><\/div>\n<div class=\" lazy\" role=\"\" data-type=\"bg\" data-id=\"6beb5dccdb\" data-background-image=\"\" data-loaded=\"true\"><span class=\"xm-text f-light \" data-key=\"spec_108\" data-type=\"text\" data-id=\"73d2358574\">IP68<\/span><span class=\"xm-text f-light \" data-key=\"spec_109\" data-type=\"text\" data-id=\"d0190ca98e\">*O dispositivo foi testado e certificado como resistente a respingos, \u00e1gua e poeira em condi\u00e7\u00f5es de laborat\u00f3rio espec\u00edficas com a classifica\u00e7\u00e3o IP68 de prote\u00e7\u00e3o de entrada com base nas normas IEC 60529:1989+A1:1999+A2:2013. Observe que as condi\u00e7\u00f5es de teste de resist\u00eancia \u00e0 \u00e1gua incluem: submers\u00e3o em \u00e1gua doce est\u00e1tica at\u00e9 uma profundidade de 1,5\u00a0metros, por at\u00e9 30\u00a0minutos, com um delta de temperatura entre a \u00e1gua e o produto de 5K ou menos. Tais caracter\u00edsticas de resist\u00eancia \u00e0 \u00e1gua referem-se apenas a condi\u00e7\u00f5es espec\u00edficas testadas em um ambiente de laborat\u00f3rio, que n\u00e3o correspondem \u00e0s condi\u00e7\u00f5es normais de uso pelos consumidores. Portanto, a prote\u00e7\u00e3o contra entrada n\u00e3o \u00e9 garantida se o produto for submetido a ambientes fora das condi\u00e7\u00f5es de teste. Recomendamos que voc\u00ea n\u00e3o realize o teste sozinho. N\u00e3o recomendado para uso na praia ou piscina. A prote\u00e7\u00e3o contra entrada pode se deteriorar devido ao desgaste di\u00e1rio, a danos f\u00edsicos e\/ou \u00e0 desmontagem necess\u00e1ria em caso de reparo. Evite carregar o produto, operar os bot\u00f5es f\u00edsicos ou remover a bandeja do SIM quando o produto estiver exposto \u00e0 umidade. Consulte com aten\u00e7\u00e3o o manual do usu\u00e1rio para obter outras instru\u00e7\u00f5es de seguran\u00e7a. A garantia n\u00e3o cobrir\u00e1 os danos causados por l\u00edquidos em ambientes fora da condi\u00e7\u00e3o de teste de IP68.<\/span><\/div>\n<\/div>\n<div class=\" lazy\" role=\"\" data-type=\"bg\" data-id=\"8929f27b0f\" data-background-image=\"\" data-loaded=\"true\">\n<div class=\" lazy\" role=\"\" data-type=\"bg\" data-id=\"9e1bc04ded\" data-background-image=\"\" data-loaded=\"true\"><strong><span class=\"xm-text f-bold \" data-key=\"spec_110\" data-type=\"text\" data-id=\"0aed5c1729\">Sistema operacional<\/span><\/strong><\/div>\n<div class=\" lazy\" role=\"\" data-type=\"bg\" data-id=\"d537cb9991\" data-background-image=\"\" data-loaded=\"true\"><span class=\"xm-text f-light \" data-key=\"spec_111\" data-type=\"text\" data-id=\"1e3e1ac1f7\">Xiaomi HyperOS<\/span><\/div>\n<\/div>\n<div class=\" lazy\" role=\"\" data-type=\"bg\" data-id=\"2d196d4599\" data-background-image=\"\" data-loaded=\"true\">\n<div class=\" lazy\" role=\"\" data-type=\"bg\" data-id=\"dbe9461bf4\" data-background-image=\"\" data-loaded=\"true\"><strong><span class=\"xm-text f-bold \" data-key=\"spec_112\" data-type=\"text\" data-id=\"9b27fdfc13\">Conte\u00fado da embalagem<\/span><\/strong><\/div>\n<div class=\" lazy\" role=\"\" data-type=\"bg\" data-id=\"31f848555b\" data-background-image=\"\" data-loaded=\"true\"><span class=\"xm-text f-light \" data-key=\"spec_113\" data-type=\"text\" data-id=\"371a8bd5ea\">Telefone celular\/Carregador\/Cabo USB Tipo C\/Ferramenta de eje\u00e7\u00e3o do SIM\/Capa de prote\u00e7\u00e3o\/Guia de in\u00edcio r\u00e1pido\/Cart\u00e3o de garantia<\/span><span class=\"xm-text f-light \" data-key=\"spec_114\" data-type=\"text\" data-id=\"c39e9e80f3\">*O conte\u00fado da embalagem pode ser diferente de acordo com a regi\u00e3o.<\/span><\/div>\n<\/div>\n","protected":false},"excerpt":{"rendered":"<p>Processador Dimensity 7300-UltraProcesso de fabrica\u00e7\u00e3o de 4\u00a0nmCPU: CPU de oito n\u00facleos de at\u00e9 2,5\u00a0GHzGPU: Mali-G615 MC2 Armazenamento e RAM 8GB\/256 GB, \u00a0mem\u00f3ria RAM e o armazenamento dispon\u00edveis s\u00e3o menores que a mem\u00f3ria total devido ao armazenamento do sistema operacional e do software pr\u00e9-instalados no dispositivo. Dimens\u00f5es Altura: 162,33\u00a0mmLargura: 74,42\u00a0mmEspessura: 8,4\u00a0mm\/8,63\u00a0mm (PU)Peso: 185,5\u00a0g (pl\u00e1stico)\/190\u00a0g\uff08PU\uff09 Tela Tela&hellip;<\/p>\n","protected":false},"featured_media":15404,"comment_status":"open","ping_status":"closed","template":"","meta":[],"product_cat":[565],"product_tag":[],"class_list":{"0":"post-15399","1":"product","2":"type-product","3":"status-publish","4":"has-post-thumbnail","6":"product_brand-xiaomi","7":"product_cat-smarthphone","9":"first","10":"instock","11":"sale","12":"taxable","13":"shipping-taxable","14":"purchasable","15":"product-type-simple","16":"col-xs-6 col-sm-4","17":"col-md-3 col-lg-3","18":"un-4-cols"},"jetpack_sharing_enabled":true,"_links":{"self":[{"href":"https:\/\/talec.com.br\/index.php?rest_route=\/wp\/v2\/product\/15399","targetHints":{"allow":["GET"]}}],"collection":[{"href":"https:\/\/talec.com.br\/index.php?rest_route=\/wp\/v2\/product"}],"about":[{"href":"https:\/\/talec.com.br\/index.php?rest_route=\/wp\/v2\/types\/product"}],"replies":[{"embeddable":true,"href":"https:\/\/talec.com.br\/index.php?rest_route=%2Fwp%2Fv2%2Fcomments&post=15399"}],"wp:featuredmedia":[{"embeddable":true,"href":"https:\/\/talec.com.br\/index.php?rest_route=\/wp\/v2\/media\/15404"}],"wp:attachment":[{"href":"https:\/\/talec.com.br\/index.php?rest_route=%2Fwp%2Fv2%2Fmedia&parent=15399"}],"wp:term":[{"taxonomy":"product_cat","embeddable":true,"href":"https:\/\/talec.com.br\/index.php?rest_route=%2Fwp%2Fv2%2Fproduct_cat&post=15399"},{"taxonomy":"product_tag","embeddable":true,"href":"https:\/\/talec.com.br\/index.php?rest_route=%2Fwp%2Fv2%2Fproduct_tag&post=15399"}],"curies":[{"name":"wp","href":"https:\/\/api.w.org\/{rel}","templated":true}]}}