{"id":15378,"date":"2026-01-28T04:15:31","date_gmt":"2026-01-28T04:15:31","guid":{"rendered":"https:\/\/talec.com.br\/?post_type=product&#038;p=15378"},"modified":"2026-01-28T14:01:03","modified_gmt":"2026-01-28T14:01:03","slug":"not-14-pro-4g-256gb-8gb-ram-dual-sim-android","status":"publish","type":"product","link":"https:\/\/talec.com.br\/?product=not-14-pro-4g-256gb-8gb-ram-dual-sim-android","title":{"rendered":"Not 14 Pro 4G 256GB 8GB RAM Dual SIM Android"},"content":{"rendered":"<h2 class=\"text-on-surface-2 font-md-bold md:font-lg-bold\" data-testid=\"key-selling-points-title\">Principais caracter\u00edsticas<\/h2>\n<ul class=\"mt-md list-disc px-md md:mt-xsm\">\n<li class=\"text-on-surface-2 font-xsm-regular\">256 GB de armazenamento interno<\/li>\n<li class=\"text-on-surface-2 font-xsm-regular\">8 GB de mem\u00f3ria RAM<\/li>\n<li class=\"text-on-surface-2 font-xsm-regular\">Tela de 6.67&#8243;<\/li>\n<li class=\"text-on-surface-2 font-xsm-regular\">C\u00e2mera traseira de 200 MP<\/li>\n<li class=\"text-on-surface-2 font-xsm-regular\">C\u00e2mera frontal de 32 MP<\/li>\n<li class=\"text-on-surface-2 font-xsm-regular\">Bateria de 5500 mAh<\/li>\n<\/ul>\n","protected":false},"excerpt":{"rendered":"<p>Principais caracter\u00edsticas 256 GB de armazenamento interno 8 GB de mem\u00f3ria RAM Tela de 6.67&#8243; C\u00e2mera traseira de 200 MP C\u00e2mera frontal de 32 MP Bateria de 5500 mAh<\/p>\n","protected":false},"featured_media":15413,"comment_status":"open","ping_status":"closed","template":"","meta":[],"product_cat":[15,565],"product_tag":[],"class_list":{"0":"post-15378","1":"product","2":"type-product","3":"status-publish","4":"has-post-thumbnail","6":"product_brand-xiaomi","7":"product_cat-sem-categoria","8":"product_cat-smarthphone","9":"product_shipping_class-assinatura","11":"first","12":"instock","13":"sale","14":"taxable","15":"shipping-taxable","16":"purchasable","17":"product-type-simple","18":"col-xs-6 col-sm-4","19":"col-md-3 col-lg-3","20":"un-4-cols"},"jetpack_sharing_enabled":true,"_links":{"self":[{"href":"https:\/\/talec.com.br\/index.php?rest_route=\/wp\/v2\/product\/15378","targetHints":{"allow":["GET"]}}],"collection":[{"href":"https:\/\/talec.com.br\/index.php?rest_route=\/wp\/v2\/product"}],"about":[{"href":"https:\/\/talec.com.br\/index.php?rest_route=\/wp\/v2\/types\/product"}],"replies":[{"embeddable":true,"href":"https:\/\/talec.com.br\/index.php?rest_route=%2Fwp%2Fv2%2Fcomments&post=15378"}],"wp:featuredmedia":[{"embeddable":true,"href":"https:\/\/talec.com.br\/index.php?rest_route=\/wp\/v2\/media\/15413"}],"wp:attachment":[{"href":"https:\/\/talec.com.br\/index.php?rest_route=%2Fwp%2Fv2%2Fmedia&parent=15378"}],"wp:term":[{"taxonomy":"product_cat","embeddable":true,"href":"https:\/\/talec.com.br\/index.php?rest_route=%2Fwp%2Fv2%2Fproduct_cat&post=15378"},{"taxonomy":"product_tag","embeddable":true,"href":"https:\/\/talec.com.br\/index.php?rest_route=%2Fwp%2Fv2%2Fproduct_tag&post=15378"}],"curies":[{"name":"wp","href":"https:\/\/api.w.org\/{rel}","templated":true}]}}