{"id":12880,"date":"2026-01-17T08:46:54","date_gmt":"2026-01-17T08:46:54","guid":{"rendered":"https:\/\/talec.com.br\/?post_type=product&#038;p=12880"},"modified":"2026-01-26T15:37:25","modified_gmt":"2026-01-26T15:37:25","slug":"licenca-office-2019-pro-esd-digital","status":"publish","type":"product","link":"https:\/\/talec.com.br\/?product=licenca-office-2019-pro-esd-digital","title":{"rendered":"Licen\u00e7a Office 2019 Pro ESD &#8211; Digital"},"content":{"rendered":"<h1>Chave de Licen\u00e7a Microsoft Office 2019 Pro &#8211; Vital\u00edcia<\/h1>\n<p class=\"pagebuilder-short-center-divider\">Este produto oferece uma chave de licen\u00e7a oficial e o link de download do Microsoft Office 2019 Pro em portugu\u00eas do Brasil (PT-BR), enviados via e-mail ap\u00f3s a compra. Inclui todos os recursos avan\u00e7ados do Office 2019 Pro, com nota fiscal eletr\u00f4nica para seguran\u00e7a e reconhecimento oficial pela Microsoft. A licen\u00e7a suporta vers\u00f5es de 32 ou 64 bits, e \u00e9 vital\u00edcia, assegurando um bom investimento ao longo do tempo de uso do dispositivo. Inclui Word, Excel, PowerPoint e Outlook, Publisher, Access e Microsoft Teams (o Microsoft Teams est\u00e1 dispon\u00edvel separadamente)<\/p>\n<div class=\"pagebuilder-two-column pagebuilder-grid pagebuilder-vertical-center pagebuilder-grid-center-content\" data-name=\"Image with Text\">\n<div class=\"pagebuilder-col\">\n<h2>Seu Office modernizado<\/h2>\n<p>O Microsoft Office Professional 2019 fornece as ferramentas de produtividade j\u00e1 conhecidas, al\u00e9m de recursos adicionados e criados para ajudar voc\u00ea a impulsionar seu neg\u00f3cio. Voc\u00ea ser\u00e1 capaz de criar conte\u00fados que educar\u00e3o e atrair\u00e3o novos clientes, colaborar com sua equipe enquanto trabalha remotamente e se manter organizado sem fazer esfor\u00e7o &#8211; para que voc\u00ea possa focar no crescimento do seu neg\u00f3cio.<\/p>\n<\/div>\n<div class=\"pagebuilder-col\">\n<div class=\"pagebuilder-image-container\"><img decoding=\"async\" class=\"pagebuilder-responsive-image\" src=\"https:\/\/cdn.shopify.com\/s\/files\/1\/0597\/7469\/7546\/t\/3\/assets\/pagebuilder-1058x785-s43fkw-office-2021-icones-pacoste.png?v=1716569067\" srcset=\"\" alt=\"Generic placeholder image\" \/><\/div>\n<\/div>\n<\/div>\n<div class=\"pagebuilder-one-column pagebuilder-grid pagebuilder-tabs pagebuilder-tabs-clean pagebuilder-grid-center-content\" data-name=\"Tabs\">\n<div class=\"pagebuilder-col\">\n<div>\n<ul class=\"pagebuilder-tabs-links\">\n<li><a data-tab=\"tabDetails\">Detalhes<\/a><\/li>\n<li><a data-tab=\"tabReviews\">Requisitos do sistema<\/a><\/li>\n<li><a data-tab=\"tabFAQ\">Perguntas Frequentes<\/a><\/li>\n<\/ul>\n<\/div>\n<\/div>\n<div class=\"page-builder-col pagebuilder-tabs-container\">\n<div class=\"pagebuilder-two-column pagebuilder-grid pagebuilder-tab\" data-tab=\"tabDetails\">\n<div class=\"pagebuilder-col\">\n<h5>Atualizado para uma melhor experi\u00eancia<\/h5>\n<p>Impulsione seu neg\u00f3cio com os aplicativos cl\u00e1ssicos do Microsoft Office, atualizado para melhor desempenho e rapidez.<\/p>\n<ul>\n<li>Uma solu\u00e7\u00e3o para pequenas empresas em expans\u00e3o que querem ter os aplicativos cl\u00e1ssicos do Office e o Outlook, Publisher e Access<\/li>\n<li>Uma compra \u00fanica instalada em 1 PC para uso no trabalho<\/li>\n<li>Vers\u00f5es 2019 cl\u00e1ssicas do Word, Excel, PowerPoint e Outlook, al\u00e9m do Publisher e Access<\/li>\n<li>Suporte da Microsoft inclu\u00eddo pelos primeiros 60 dias sem custo adicional<\/li>\n<li>Compat\u00edvel com Windows 11 e Windows 10* Funciona com o Microsoft Teams<\/li>\n<\/ul>\n<p>Ap\u00f3s a compra voc\u00ea ir\u00e1 receber:<br \/>\n&#8211; Chave exclusiva de 25 d\u00edgitos enviada para seu e-mail.<br \/>\n&#8211; Link de download do produto, diretamente da Microsoft.<br \/>\n&#8211; Instru\u00e7\u00f5es de instala\u00e7\u00e3o e contato da nossa equipe de suporte<\/p>\n<\/div>\n<div class=\"pagebuilder-col\">\n<div class=\"pagebuilder-qa\">\n<h3>Monitore &amp; organize sem esfor\u00e7o<\/h3>\n<p>Recursos como o XLOOKUP, Catch Up Highlights*** (confira os termos) e Dynamic Arrays facilitam o encontro de informa\u00e7\u00f5es rapidamente, a comunica\u00e7\u00e3o de mudan\u00e7as para as equipes, e cria\u00e7\u00e3o de planilhas robustas com menos erros. O OneNote pode ajudar a monitorar suas ideias entre os dispositivos sem nenhum esfor\u00e7o.<\/p>\n<\/div>\n<div class=\"pagebuilder-qa\">\n<h3>Analise &amp; crie Como um profissional<\/h3>\n<p>Use o Publisher* para projetar conte\u00fados elegantes, profissionais com confian\u00e7a. O Access* permite que voc\u00ea crie apps de banco de dados em formatos que caibam no seu neg\u00f3cio e armazene seus dados com maior confian\u00e7a, escalabilidade e seguran\u00e7a. E com o AutoSave***, seu trabalho n\u00e3o ser\u00e1 perdido.<\/p>\n<\/div>\n<div class=\"pagebuilder-qa\">\n<h3>Trabalhe melhor colaborativamente<\/h3>\n<p>O Modern Share permite que voc\u00ea convide outras pessoas para revisar ou editar o seu trabalho no Word, PowerPoint e Excel. Com as @mentions* e o Real-Time Collaboration* voc\u00ea pode compartilhar facilmente documentos e estar atualizado sobre mudan\u00e7as nos seus projetos. Al\u00e9m disso, com o Microsoft Teams* (confira os termos), voc\u00ea pode fazer chamadas, planejar e conversar, tudo em um s\u00f3 lugar.<\/p>\n<\/div>\n<div class=\"pagebuilder-qa\">\n<h3>Todos os aplicativos do Office atualizados<\/h3>\n<p>Este pacote tamb\u00e9m inclui funcionalidades avan\u00e7adas de seguran\u00e7a e conformidade, garantindo que os dados empresariais estejam protegidos contra amea\u00e7as externas e internas. Com ferramentas de an\u00e1lise e apresenta\u00e7\u00e3o de dados sofisticadas, como as novas fun\u00e7\u00f5es de Excel e modos de apresenta\u00e7\u00e3o aprimorados em PowerPoint, Office Professional 2019 \u00e9 a solu\u00e7\u00e3o perfeita para elevar a produtividade e a colabora\u00e7\u00e3o empresarial a um novo n\u00edvel.<\/p>\n<\/div>\n<p><img decoding=\"async\" class=\"pagebuilder-responsive-image\" src=\"https:\/\/cdn.shopify.com\/s\/files\/1\/0597\/7469\/7546\/t\/3\/assets\/pagebuilder-765x511-6grqzi-12337-2.png?v=1716414500\" srcset=\"\" \/><\/p>\n<\/div>\n<\/div>\n<div class=\"pagebuilder-one-column pagebuilder-grid pagebuilder-tab\" data-tab=\"tabDelivery\">\n<div class=\"pagebuilder-col\"><\/div>\n<\/div>\n<div class=\"pagebuilder-one-column pagebuilder-grid pagebuilder-tab pagebuilder-grid-center-content\" data-name=\"Title\" data-tab=\"tabReviews\">\n<div class=\"pagebuilder-col\">\n<h3>Requisitos do sistema<\/h3>\n<div class=\"t4s-table-res-df\">\n<table class=\"pagebuilder-table\">\n<thead>\n<tr>\n<th>Hardware<\/th>\n<th>Descri\u00e7\u00e3o<\/th>\n<\/tr>\n<\/thead>\n<tbody>\n<tr>\n<td>Processador<\/td>\n<td>Windows 11 ou Windows 10 com processador de 2 n\u00facleos de 1,6 GHz<\/td>\n<\/tr>\n<tr>\n<td>Sistema Operacional<\/td>\n<td>Windows 11 ou Windows 10 para PC;<\/td>\n<\/tr>\n<tr>\n<td>Mem\u00f3ria<\/td>\n<td>4 GB (64 bits), 2 GB (32 bits) de RAM para PC<\/td>\n<\/tr>\n<tr>\n<td>Armazenamento<\/td>\n<td>4 GB de espa\u00e7o dispon\u00edvel em disco para PC.<\/td>\n<\/tr>\n<tr>\n<td>Tela<\/td>\n<td>Resolu\u00e7\u00e3o de 1024 x 768<\/td>\n<\/tr>\n<tr>\n<td>Placa gr\u00e1fica<\/td>\n<td>Placa de v\u00eddeo DirectX 10 para a acelera\u00e7\u00e3o gr\u00e1fica por hardware para PC<\/td>\n<\/tr>\n<tr>\n<td>Requisitos adicionais<\/td>\n<td>Acesso \u00e0 Internet, Conta Microsoft<\/td>\n<\/tr>\n<\/tbody>\n<\/table>\n<\/div>\n<\/div>\n<\/div>\n<div class=\"pagebuilder-one-column pagebuilder-grid pagebuilder-tab\" data-tab=\"tabFAQ\">\n<div class=\"pagebuilder-col\">\n<div class=\"pagebuilder-qa\">\n<h3>Quanto tempo demora a entrega?<\/h3>\n<p>Os produtos marcados s\u00e3o enviados automaticamente para o e-mail de compra ap\u00f3s pagamento.<\/p>\n<\/div>\n<div class=\"pagebuilder-qa\">\n<h3>Quas as formas de pagamento aceitas?<\/h3>\n<p>N\u00f3s aceitamos os seguintes meiosde pagamento, atravpes do MercadoPago: PIX; Boleto e tamb\u00e9m cart\u00f5es de Cart\u00f5es Visa, Mastercard, Hipercard, Elo. Pagando no Cart\u00e3o de Cr\u00e9dito ou PIX seu pedido \u00e9 enviado com mais agilidade.<\/p>\n<\/div>\n<div class=\"pagebuilder-qa\">\n<h3>Seus produtos s\u00e3o aut\u00eanticos?<\/h3>\n<p>Sim, todos nossos produtos s\u00e3o 100% Originais e acompanham nota fiscal. N\u00e3o trabalhamos com produtos piratas. Voc\u00ea estar\u00e1 seguro de que \u00e9 genu\u00edno porque voc\u00ea vai baixar o software de seu link oficial de download e instal\u00e1-lo usando suas instru\u00e7\u00f5es oficiais de instala\u00e7\u00e3o. Em seguida, voc\u00ea inserir\u00e1 as credenciais da chave do produto ou da conta se solicitado e o software deve ser ativado automaticamente. Al\u00e9m disso somos parceiros oficiais de todas as marcas que fazemos revenda, o que pode ser consultado em nosso site.<\/p>\n<\/div>\n<div class=\"pagebuilder-qa\">\n<h3>E se eu precisar de ajuda na instala\u00e7\u00e3o ou ativa\u00e7\u00e3o?<\/h3>\n<p>Contamos com uma equipe t\u00e9cnica especializada neste assunto, qualquer problema que possa ter na instala\u00e7\u00e3o\/ativa\u00e7\u00e3o de seu produto basta nos contatar e prontamente resolveremos seu problema.<\/p>\n<\/div>\n<div class=\"pagebuilder-qa\">\n<h3>N\u00e3o recebi a minha chave de produto<\/h3>\n<p>Verificou todas suas caixas de e-mail? Caso ainda n\u00e3o tenha recebido, pedimos que entre em contato conosco.<\/p>\n<\/div>\n<\/div>\n<\/div>\n<\/div>\n<\/div>\n","protected":false},"excerpt":{"rendered":"<p>Entrega em at\u00e9 uma hora no e-mail<\/p>\n<p>licen\u00e7a de ativa\u00e7\u00e3o Produto Digital<\/p>\n<p>N\u00e3o acompanha M\u00eddia F\u00edsica<\/p>\n","protected":false},"featured_media":12881,"comment_status":"open","ping_status":"closed","template":"","meta":[],"product_cat":[173,174],"product_tag":[],"class_list":{"0":"post-12880","1":"product","2":"type-product","3":"status-publish","4":"has-post-thumbnail","6":"product_cat-informatica","7":"product_cat-software","9":"first","10":"instock","11":"sale","12":"virtual","13":"taxable","14":"purchasable","15":"product-type-simple","16":"col-xs-6 col-sm-4","17":"col-md-3 col-lg-3","18":"un-4-cols"},"jetpack_sharing_enabled":true,"_links":{"self":[{"href":"https:\/\/talec.com.br\/index.php?rest_route=\/wp\/v2\/product\/12880","targetHints":{"allow":["GET"]}}],"collection":[{"href":"https:\/\/talec.com.br\/index.php?rest_route=\/wp\/v2\/product"}],"about":[{"href":"https:\/\/talec.com.br\/index.php?rest_route=\/wp\/v2\/types\/product"}],"replies":[{"embeddable":true,"href":"https:\/\/talec.com.br\/index.php?rest_route=%2Fwp%2Fv2%2Fcomments&post=12880"}],"wp:featuredmedia":[{"embeddable":true,"href":"https:\/\/talec.com.br\/index.php?rest_route=\/wp\/v2\/media\/12881"}],"wp:attachment":[{"href":"https:\/\/talec.com.br\/index.php?rest_route=%2Fwp%2Fv2%2Fmedia&parent=12880"}],"wp:term":[{"taxonomy":"product_cat","embeddable":true,"href":"https:\/\/talec.com.br\/index.php?rest_route=%2Fwp%2Fv2%2Fproduct_cat&post=12880"},{"taxonomy":"product_tag","embeddable":true,"href":"https:\/\/talec.com.br\/index.php?rest_route=%2Fwp%2Fv2%2Fproduct_tag&post=12880"}],"curies":[{"name":"wp","href":"https:\/\/api.w.org\/{rel}","templated":true}]}}