{"id":10,"date":"2021-04-28T07:29:46","date_gmt":"2021-04-28T07:29:46","guid":{"rendered":"http:\/\/localhost\/dev\/martfury2\/my-account\/"},"modified":"2026-01-27T00:07:35","modified_gmt":"2026-01-27T00:07:35","slug":"my-account","status":"publish","type":"page","link":"https:\/\/talec.com.br\/?page_id=10","title":{"rendered":"Minha Conta"},"content":{"rendered":"<div class=\"woocommerce\">\r\n<div class=\"woocommerce-notices-wrapper\"><\/div>\r\n\r\n<div class=\"customer-login\">\r\n\r\n    <div class=\"row\">\r\n\r\n        <div class=\"col-md-6 col-sm-6 col-md-offset-3 col-sm-offset-3 col-login\">\r\n            <div class=\"martfury-login-tabs\">\r\n                <ul class=\"tabs-nav\">\r\n                    <li class=\"active\"><a href=\"#\"\r\n                                          class=\"active\">Fazer login<\/a>\r\n                    <\/li>\r\n\t\t\t\t\t                        <li><a class=\"\"\r\n                               href=\"#\">Registro<\/a><\/li>\r\n\t\t\t\t\t                <\/ul>\r\n                <div class=\"tabs-content\">\r\n\r\n                    <div class=\"tabs-panel active\">\r\n\r\n                        <h2>Fa\u00e7a login em sua conta<\/h2>\r\n\r\n                        <form class=\"woocommerce-form woocommerce-form-login login\" method=\"post\">\r\n\r\n\t\t\t\t\t\t\t\r\n                            <p class=\"woocommerce-form-row woocommerce-form-row--wide form-row form-row-wide\">\r\n                                <input type=\"text\" class=\"woocommerce-Input woocommerce-Input--text input-text\" required\r\n                                       placeholder=\"Nome de usu\u00e1rio ou endere\u00e7o de e-mail\"\r\n                                       name=\"username\" id=\"username\" autocomplete=\"username\"\r\n                                       value=\"\" required aria-required=\"true\"\/>\r\n                            <\/p>\r\n\r\n                            <p class=\"woocommerce-form-row woocommerce-form-row--wide form-row form-row-wide form-row-password\">\r\n                                <input class=\"woocommerce-Input woocommerce-Input--text input-text\" required\r\n                                       placeholder=\"Senha\" type=\"password\"\r\n                                       autocomplete=\"current-password\"\r\n                                       name=\"password\" id=\"password\" required aria-required=\"true\"\/>\r\n                            <\/p>\r\n\r\n\t\t\t\t\t\t\t\r\n                            <p class=\"form-row\">\r\n                                <span class=\"woocommerce-form-row__remember\">\r\n                                    <label class=\"woocommerce-form__label woocommerce-form__label-for-checkbox woocommerce-form-login__rememberme\">\r\n                                        <input class=\"woocommerce-form__input woocommerce-form__input-checkbox\"\r\n                                               name=\"rememberme\" type=\"checkbox\" id=\"rememberme\" value=\"forever\"\/>\r\n                                        <span>Lembre-se de mim<\/span>\r\n                                     <\/label>\r\n                                   <a class=\"lost-password\"\r\n                                      href=\"https:\/\/talec.com.br\/?page_id=10&#038;lost-password\">Esqueceu sua senha?<\/a>\r\n                                <\/span>\r\n\r\n\t\t\t\t\t\t\t\t<input type=\"hidden\" id=\"woocommerce-login-nonce\" name=\"woocommerce-login-nonce\" value=\"0662795fb2\" \/><input type=\"hidden\" name=\"_wp_http_referer\" value=\"\/index.php?rest_route=%2Fwp%2Fv2%2Fpages%2F10\" \/>                                <button type=\"submit\" class=\"woocommerce-Button button\" name=\"login\"\r\n                                        value=\"Fazer login\">Fazer login<\/button>\r\n                            <\/p>\r\n\r\n\t\t\t\t\t\t\t\r\n                        <\/form>\r\n                    <\/div>\r\n\r\n\t\t\t\t\t\r\n                        <div class=\"tabs-panel \">\r\n\r\n                            <h2>Registrar uma conta<\/h2>\r\n\r\n                            <form method=\"post\" class=\"register woocommerce-form woocommerce-form-register\"  >\r\n\r\n\t\t\t\t\t\t\t\t\r\n\t\t\t\t\t\t\t\t\r\n                                <p class=\"woocommerce-form-row woocommerce-form-row--wide form-row form-row-wide\">\r\n                                    <input type=\"email\" required\r\n                                           class=\"woocommerce-Input woocommerce-Input--text input-text\"\r\n                                           placeholder=\"Endere\u00e7o de e-mail\"\r\n                                           name=\"email\" id=\"reg_email\" autocomplete=\"email\"\r\n                                           value=\"\" required aria-required=\"true\"\/>\r\n                                <\/p>\r\n\r\n\t\t\t\t\t\t\t\t\r\n                                    <p class=\"woocommerce-form-row woocommerce-form-row--wide form-row form-row-wide\">\r\n                                        <input type=\"password\" required\r\n                                               placeholder=\"Senha\"\r\n                                               class=\"woocommerce-Input woocommerce-Input--text input-text\"\r\n                                               autocomplete=\"new-password\"\r\n                                               name=\"password\" id=\"reg_password\" required aria-required=\"true\"\/>\r\n                                    <\/p>\r\n\r\n\t\t\t\t\t\t\t\t\r\n\t\t\t\t\t\t\t\t<wc-order-attribution-inputs><\/wc-order-attribution-inputs><div class=\"woocommerce-privacy-policy-text\"><p>Seus dados pessoais ser\u00e3o usados para aprimorar a sua experi\u00eancia em todo este site, para gerenciar o acesso a sua conta e para outros prop\u00f3sitos, como descritos em nossa <a href=\"https:\/\/talec.com.br\/?page_id=15324\" class=\"woocommerce-privacy-policy-link\" target=\"_blank\">pol\u00edtica de privacidade<\/a>.<\/p>\n<\/div>\r\n                                <p class=\"woocommerce-form-row form-row\">\r\n\t\t\t\t\t\t\t\t\t<input type=\"hidden\" id=\"woocommerce-register-nonce\" name=\"woocommerce-register-nonce\" value=\"10d7bd8038\" \/><input type=\"hidden\" name=\"_wp_http_referer\" value=\"\/index.php?rest_route=%2Fwp%2Fv2%2Fpages%2F10\" \/>                                    <button type=\"submit\" class=\"woocommerce-Button button\" name=\"register\"\r\n                                            value=\"Registro\">Registro<\/button>\r\n                                <\/p>\r\n\r\n\t\t\t\t\t\t\t\t\r\n                            <\/form>\r\n\r\n                        <\/div>\r\n\r\n\t\t\t\t\t\r\n                <\/div>\r\n            <\/div>\r\n        <\/div>\r\n\r\n\t\t\r\n    <\/div>\r\n<\/div>\r\n\r\n<\/div>\n","protected":false},"excerpt":{"rendered":"","protected":false},"author":1,"featured_media":0,"parent":0,"menu_order":0,"comment_status":"closed","ping_status":"closed","template":"","meta":{"footnotes":""},"class_list":["post-10","page","type-page","status-publish","hentry"],"jetpack_sharing_enabled":true,"_links":{"self":[{"href":"https:\/\/talec.com.br\/index.php?rest_route=\/wp\/v2\/pages\/10","targetHints":{"allow":["GET"]}}],"collection":[{"href":"https:\/\/talec.com.br\/index.php?rest_route=\/wp\/v2\/pages"}],"about":[{"href":"https:\/\/talec.com.br\/index.php?rest_route=\/wp\/v2\/types\/page"}],"author":[{"embeddable":true,"href":"https:\/\/talec.com.br\/index.php?rest_route=\/wp\/v2\/users\/1"}],"replies":[{"embeddable":true,"href":"https:\/\/talec.com.br\/index.php?rest_route=%2Fwp%2Fv2%2Fcomments&post=10"}],"version-history":[{"count":1,"href":"https:\/\/talec.com.br\/index.php?rest_route=\/wp\/v2\/pages\/10\/revisions"}],"predecessor-version":[{"id":15345,"href":"https:\/\/talec.com.br\/index.php?rest_route=\/wp\/v2\/pages\/10\/revisions\/15345"}],"wp:attachment":[{"href":"https:\/\/talec.com.br\/index.php?rest_route=%2Fwp%2Fv2%2Fmedia&parent=10"}],"curies":[{"name":"wp","href":"https:\/\/api.w.org\/{rel}","templated":true}]}}